{"id":436,"date":"2020-01-20T21:14:55","date_gmt":"2020-01-20T20:14:55","guid":{"rendered":"https:\/\/physio-lorraine.fr\/?page_id=436"},"modified":"2020-01-20T21:21:25","modified_gmt":"2020-01-20T20:21:25","slug":"conference-tendinopathies-un-debat-dexperts","status":"publish","type":"page","link":"https:\/\/physio-lorraine.fr\/index.php\/conference-tendinopathies-un-debat-dexperts\/","title":{"rendered":"Conf\u00e9rence \u00ab\u00a0Tendinopathies : Un d\u00e9bat d&rsquo;experts ?\u00a0\u00bb"},"content":{"rendered":"<noscript class=\"ninja-forms-noscript-message\">\n\tRemarque\u00a0: JavaScript est requis pour ce contenu.<\/noscript>\n<p>&gt;&gt; FIN DES INSCRIPTIONS &lt;&lt;<\/p><p>D\u00e9sol\u00e9, nous sommes complets ! N'h\u00e9sitez pas \u00e0 vous inscrire \u00e0 notre newsletter via la page d'accueil pour ne pas rater nos prochains \u00e9v\u00e8nements !<br><\/p>","protected":false},"excerpt":{"rendered":"<p>Remarque\u00a0: JavaScript est requis pour ce contenu. &gt;&gt; FIN DES INSCRIPTIONS &lt;&lt;D\u00e9sol\u00e9, nous sommes complets ! N&rsquo;h\u00e9sitez pas \u00e0 vous inscrire \u00e0 notre newsletter via la page d&rsquo;accueil pour ne&hellip;<\/p>\n","protected":false},"author":1,"featured_media":0,"parent":0,"menu_order":0,"comment_status":"closed","ping_status":"closed","template":"","meta":{"footnotes":""},"class_list":["post-436","page","type-page","status-publish","hentry","no-post-thumbnail"],"_links":{"self":[{"href":"https:\/\/physio-lorraine.fr\/index.php\/wp-json\/wp\/v2\/pages\/436","targetHints":{"allow":["GET"]}}],"collection":[{"href":"https:\/\/physio-lorraine.fr\/index.php\/wp-json\/wp\/v2\/pages"}],"about":[{"href":"https:\/\/physio-lorraine.fr\/index.php\/wp-json\/wp\/v2\/types\/page"}],"author":[{"embeddable":true,"href":"https:\/\/physio-lorraine.fr\/index.php\/wp-json\/wp\/v2\/users\/1"}],"replies":[{"embeddable":true,"href":"https:\/\/physio-lorraine.fr\/index.php\/wp-json\/wp\/v2\/comments?post=436"}],"version-history":[{"count":1,"href":"https:\/\/physio-lorraine.fr\/index.php\/wp-json\/wp\/v2\/pages\/436\/revisions"}],"predecessor-version":[{"id":437,"href":"https:\/\/physio-lorraine.fr\/index.php\/wp-json\/wp\/v2\/pages\/436\/revisions\/437"}],"wp:attachment":[{"href":"https:\/\/physio-lorraine.fr\/index.php\/wp-json\/wp\/v2\/media?parent=436"}],"curies":[{"name":"wp","href":"https:\/\/api.w.org\/{rel}","templated":true}]}}