{"id":4265,"date":"2021-12-09T15:09:37","date_gmt":"2021-12-09T14:09:37","guid":{"rendered":"https:\/\/physio-lorraine.fr\/index.php\/membership-join\/"},"modified":"2022-02-22T01:12:47","modified_gmt":"2022-02-22T00:12:47","slug":"membership-join","status":"publish","type":"page","link":"https:\/\/physio-lorraine.fr\/index.php\/membership-join\/","title":{"rendered":"Devenir membre"},"content":{"rendered":"<p>Le statut de membre de la SPL est accessible \u00e0 toute personne majeure \u00e0 jour de cotisation \u00e0 l&rsquo;association. Il doit \u00eatre valid\u00e9 par le Conseil d&rsquo;Administration lors de la r\u00e9union suivant la demande d&rsquo;adh\u00e9sion.<\/p>\n<p>Les membres b\u00e9n\u00e9ficient notamment :<\/p>\n<p>&#8211; d\u2019un droit de vote lors de l\u2019assembl\u00e9e g\u00e9n\u00e9rale annuelle,<\/p>\n<p>&#8211; d\u2019un acc\u00e8s au replay des visioconf\u00e9rences, sous r\u00e9serve d\u2019accord des conf\u00e9renciers,<\/p>\n<p>&#8211; de la possibilit\u00e9 de participer \u00e0 des conseils d&rsquo;administration (CA) extraordinaires sur la gestion g\u00e9n\u00e9rale de la SPL,<\/p>\n<p><strong>Pour adh\u00e9rer et acc\u00e9der \u00e0 l&rsquo;espace membre, <\/strong>rendez-vous sur notre site partenaire Helloasso : <a href=\"https:\/\/www.helloasso.com\/associations\/societe-de-physiotherapie-de-lorraine\/adhesions\/adherer-a-la-spl\">https:\/\/www.helloasso.com\/associations\/societe-de-physiotherapie-de-lorraine\/adhesions\/adherer-a-la-spl<\/a><\/p>\n<p style=\"border-bottom: 1px solid #ccc; padding-bottom: 10px; margin-bottom: 10px;\">\n","protected":false},"excerpt":{"rendered":"<p>Le statut de membre de la SPL est accessible \u00e0 toute personne majeure \u00e0 jour de cotisation \u00e0 l&rsquo;association. Il doit \u00eatre valid\u00e9 par le Conseil d&rsquo;Administration lors de la&hellip;<\/p>\n","protected":false},"author":1,"featured_media":0,"parent":0,"menu_order":0,"comment_status":"closed","ping_status":"closed","template":"","meta":{"footnotes":""},"class_list":["post-4265","page","type-page","status-publish","hentry","no-post-thumbnail"],"_links":{"self":[{"href":"https:\/\/physio-lorraine.fr\/index.php\/wp-json\/wp\/v2\/pages\/4265","targetHints":{"allow":["GET"]}}],"collection":[{"href":"https:\/\/physio-lorraine.fr\/index.php\/wp-json\/wp\/v2\/pages"}],"about":[{"href":"https:\/\/physio-lorraine.fr\/index.php\/wp-json\/wp\/v2\/types\/page"}],"author":[{"embeddable":true,"href":"https:\/\/physio-lorraine.fr\/index.php\/wp-json\/wp\/v2\/users\/1"}],"replies":[{"embeddable":true,"href":"https:\/\/physio-lorraine.fr\/index.php\/wp-json\/wp\/v2\/comments?post=4265"}],"version-history":[{"count":2,"href":"https:\/\/physio-lorraine.fr\/index.php\/wp-json\/wp\/v2\/pages\/4265\/revisions"}],"predecessor-version":[{"id":4452,"href":"https:\/\/physio-lorraine.fr\/index.php\/wp-json\/wp\/v2\/pages\/4265\/revisions\/4452"}],"wp:attachment":[{"href":"https:\/\/physio-lorraine.fr\/index.php\/wp-json\/wp\/v2\/media?parent=4265"}],"curies":[{"name":"wp","href":"https:\/\/api.w.org\/{rel}","templated":true}]}}