{"id":3909,"date":"2021-11-17T13:01:25","date_gmt":"2021-11-17T12:01:25","guid":{"rendered":"https:\/\/physio-lorraine.fr\/?page_id=3909"},"modified":"2021-11-17T13:01:26","modified_gmt":"2021-11-17T12:01:26","slug":"inscription-distance-conference-epaule","status":"publish","type":"page","link":"https:\/\/physio-lorraine.fr\/index.php\/inscription-distance-conference-epaule\/","title":{"rendered":"Inscription \u00e0 la conf\u00e9rence \u00ab\u00a0S\u2019\u00e9pauler entre m\u00e9decins et kin\u00e9s\u00a0\u00bb &#8211; Format \u00e0 distance"},"content":{"rendered":"<noscript class=\"ninja-forms-noscript-message\">\n\tRemarque\u00a0: JavaScript est requis pour ce contenu.<\/noscript>\n<p>&gt;&gt; FIN DES INSCRIPTIONS &lt;&lt;<\/p><p>Les inscriptions sont closes ! Rendez vous directement sur ce lien : https:\/\/youtu.be\/r9znVKFytIU<br><\/p><p>L'\u00e9quipe SPL<br><\/p>","protected":false},"excerpt":{"rendered":"<p>Remarque\u00a0: JavaScript est requis pour ce contenu. &gt;&gt; FIN DES INSCRIPTIONS &lt;&lt;Les inscriptions sont closes ! Rendez vous directement sur ce lien : https:\/\/youtu.be\/r9znVKFytIUL&rsquo;\u00e9quipe SPL<\/p>\n","protected":false},"author":1,"featured_media":0,"parent":0,"menu_order":0,"comment_status":"closed","ping_status":"closed","template":"","meta":{"footnotes":""},"class_list":["post-3909","page","type-page","status-publish","hentry","no-post-thumbnail"],"_links":{"self":[{"href":"https:\/\/physio-lorraine.fr\/index.php\/wp-json\/wp\/v2\/pages\/3909","targetHints":{"allow":["GET"]}}],"collection":[{"href":"https:\/\/physio-lorraine.fr\/index.php\/wp-json\/wp\/v2\/pages"}],"about":[{"href":"https:\/\/physio-lorraine.fr\/index.php\/wp-json\/wp\/v2\/types\/page"}],"author":[{"embeddable":true,"href":"https:\/\/physio-lorraine.fr\/index.php\/wp-json\/wp\/v2\/users\/1"}],"replies":[{"embeddable":true,"href":"https:\/\/physio-lorraine.fr\/index.php\/wp-json\/wp\/v2\/comments?post=3909"}],"version-history":[{"count":1,"href":"https:\/\/physio-lorraine.fr\/index.php\/wp-json\/wp\/v2\/pages\/3909\/revisions"}],"predecessor-version":[{"id":3910,"href":"https:\/\/physio-lorraine.fr\/index.php\/wp-json\/wp\/v2\/pages\/3909\/revisions\/3910"}],"wp:attachment":[{"href":"https:\/\/physio-lorraine.fr\/index.php\/wp-json\/wp\/v2\/media?parent=3909"}],"curies":[{"name":"wp","href":"https:\/\/api.w.org\/{rel}","templated":true}]}}